*n + 380. What are the prime factors of r(0)?
2, 5, 19
Let n = 36 + -2. Suppose -71 = -l - 2*f - 29, 4*f - n = -l. What are the prime factors of l?
2, 5
Suppose 0 = 5*a - 0*a. Suppose v + 2*v + 21 = a. Let o(g) = -g. List the prime factors of o(v).
7
Suppose 2*l + 13 = 3*l + 2*h, 2*h = 0. Let j = 21 - l. What are the prime factors of j?
2
Let w(j) = j**2 + 18*j + 18. Let i be w(-17). Let d(u) = 28*u + 2 + 4 - 5. List the prime factors of d(i).
29
Suppose -4*d - 4*i = i + 129, -d = 3*i + 41. Let t = d - -7. Let f = 15 - t. What are the prime factors of f?
2, 17
Let j be 129 + 1 + (-12)/(-4). Suppose -3*i - 2*i = 430. Let z = j + i. List the prime factors of z.
47
Let f(a) = 6*a - 53. Let n(d) = 1. Let l(b) = -f(b) - 6*n(b). What are the prime factors of l(0)?
47
Let s(u) = 2*u + 1. Let g = 11 - 21. Let d = 11 + g. What are the prime factors of s(d)?
3
Suppose 4*q = 4, z - 3*z + q = -1489. List the prime factors of z.
5, 149
Let t = 280 + -62. What are the prime factors of t?
2, 109
Suppose 5*f = 51 + 174. What are the prime factors of f?
3, 5
Suppose -h = 5*l + 293, -3*h - 110 = 2*l - 5*h. What are the prime factors of l/(-4)*(20 - (14 - 6))?
2, 3, 29
Let u(i) = -i + 6. Let m = -10 - -14. Let l be u(m). What are the prime factors of (21 + -10)/(l/6)?
3, 11
Suppose -985 = -699*u + 694*u. List the prime factors of u.
197
Suppose m + 27 = 162. Let x = -56 + m. What are the prime factors of x?
79
Suppose -606 = 64*p - 65*p. What are the prime factors of p?
2, 3, 101
Let x(z) = -z + 24. Let o be x(12). List the prime factors of 327/4 + o/48.
2, 41
Suppose -1 = 10*l + 9. What are the prime factors of (-8 + 4)*l - -95?
3, 11
Suppose -3*m - 4*j + 5038 = 0, 5293 = 4*m - 3*j - 1391. List the prime factors of m.
2, 3, 31
Let g be ((-35)/(-28))/(1/4). Suppose -4*z - 2*i = -122, 5*z - 120 = g*i - i. What are the prime factors of z?
2, 7
Let o(i) = 23*i**2 - 5*i + 62. What are the prime factors of o(5)?
2, 3, 17
Let g = 1303 - 758. What are the prime factors of g?
5, 109
Suppose -6 = 3*j, 0*g = 4*g + 3*j - 10. Suppose 3*d - 4*d = -g. Suppose 0*r + 3*b + 329 = 5*r, d*b = 8. What are the prime factors of r?
67
Suppose -3*j + 5947 = 4*z - 1178, 5*z = -4*j + 8907. List the prime factors of z.
3, 593
Suppose 54*c - 124538 = -19*c. List the prime factors of c.
2, 853
Let n(x) = 5*x**3 - x**2 + 1. Suppose 5*m + 19 = -o, 2*o - 4*o = -2*m - 10. What are the prime factors of n(o)?
5
Let x(t) = -2*t**3 - 14*t**2 - 12*t + 55. What are the prime factors of x(-13)?
2239
What are the prime factors of 7/((-693)/(-33975)) - 4/22?
7
List the prime factors of 704 + (12 - 0) + -5.
3, 79
Let u = 17 + -17. Suppose 23*j - 22*j - 28 = u. Let i = -8 + j. List the prime factors of i.
2, 5
Suppose -2*p = -5*i - 3*p + 4, -2*i - 2*p + 8 = 0. Let j(b) = b**3 - b**2 - b + 100. List the prime factors of j(i).
2, 5
Let s be ((-38)/(-3))/(5*2/15). Let x(z) = -z**3 + 19*z**2 + 6*z + 16. What are the prime factors of x(s)?
2, 5, 13
Let k be (-43)/3 + 16/(-24). Let n = k - -20. Suppose n*v - 232 = -62. What are the prime factors of v?
2, 17
Let d(g) = -g - 6. Suppose 0 = -5*h - 0 - 35. Let c be d(h). List the prime factors of -2*(66/(-4) + c).
31
Suppose -5*x + 882 = 4*s - 362, -5*x = -5*s - 1280. Suppose 2*d - x = -3*c, -652 = -5*d + 4*c - 6*c. Suppose -4*p + d = 12. List the prime factors of p.
2, 3, 5
Let n = -3421 - -7020. What are the prime factors of n?
59, 61
Let c(z) be the second derivative of -5*z + 0*z**2 - 1/12*z**4 + 0 + 2/3*z**3. List the prime factors of c(3).
3
Let g be 3678/(-12) + 6/4. Let i = g + 570. What are the prime factors of i?
5, 53
What are the prime factors of (-3)/(-2)*(6 + (-6282)/(-27))?
2, 179
What are the prime factors of 2659 - (16 + -14)*(-3)/2?
2, 11
Let w(r) = r**3 + 4*r**2 - 4. Let j be w(-3). Suppose -j*a - 4*o + 249 = 0, -3*o = 5*a - o - 247. Suppose 7*y + 7 = a. List the prime factors of y.
2, 3
Let s(d) = -2*d + 194. Suppose -10 = -2*v + 2*n, 4*n = -v - 3*v - 20. List the prime factors of s(v).
2, 97
Let v be (-30)/(-2) + (11 - 13). Let f = 51 - v. Suppose 3*n - f = -n - 2*m, 0 = 3*n + m - 30. List the prime factors of n.
11
Let c(x) be the first derivative of -21*x**2/2 - 37*x - 29. List the prime factors of c(-4).
47
Let p = -40 - -42. Suppose 2*z - 2*m + 32 = 172, p*z + 3*m = 165. What are the prime factors of z?
3, 5
Let l(u) = -2*u**2 - 257*u + 19. List the prime factors of l(-22).
5, 941
List the prime factors of ((-1)/5*-48)/(18/120).
2
Let d = 4 + 2. What are the prime factors of ((-36)/(-54))/(2/d)?
2
Suppose 0 = 4*a - 5*t - 457, 2*a - 313 + 92 = t. Let d = -10 - -12. Suppose 4*v - a = -3*h - h, -d*v = -3*h + 91. What are the prime factors of h?
29
Let s = -378 + 677. List the prime factors of s.
13, 23
Let t = 967 + -484. What are the prime factors of t?
3, 7, 23
Let j(c) = c - 18. Let t be j(15). Let s(z) = -38*z - 19. List the prime factors of s(t).
5, 19
Let x be (48/5)/((-2)/(-10)). Let w = x - -14. Let p = -36 + w. What are the prime factors of p?
2, 13
Let r be (-5)/((-45)/1006) - (-2)/9. Let w = -12 + r. List the prime factors of w.
2, 5
Let k(z) = -z**3 + 10*z**2 - z + 13. Let w be k(10). Suppose w*m = -m - 240. Let a = -28 - m. What are the prime factors of a?
2
Suppose 0 = -4*p + 5*x + 3, 3 = 3*p - 4*x + 1. Let l = 192 - 136. Suppose 2*d + 4*b - l = 0, -p*d + d + 3*b = -13. List the prime factors of d.
2, 11
Suppose 0 = 3*a + a - 2536. Suppose -a = -5*r + 3*p, 5*r + 4*p - 404 - 244 = 0. List the prime factors of r.
2
List the prime factors of 856 + (18 - 6) + -12.
2, 107
List the prime factors of 424/159*2130/8.
2, 5, 71
Let x = -38 - -54. Let j(g) = -g**2 + 16*g + 6. Let w be j(x). List the prime factors of (14/w - 3)*-66.
2, 11
Suppose -12302 = -4*z + g, 2*z - 11*g = -10*g + 6150. What are the prime factors of z?
2, 769
Let d be (-5 - -2 - -126) + 3. Suppose 194 = 2*l - d. What are the prime factors of l?
2, 5
Suppose -3*f = -316 - 1169. List the prime factors of f.
3, 5, 11
Suppose 757 + 1076 = 13*d. What are the prime factors of d?
3, 47
Suppose -5*t = -3 - 12. Let w be t + (-4 - -3) + 0. Suppose -26 - 34 = -w*g. List the prime factors of g.
2, 3, 5
Let q(l) = -l - 20. Let z be q(-9). Let s be 1/(-2) - z/2. Let o(a) = 8*a + 10. List the prime factors of o(s).
2, 5
What are the prime factors of ((-172455)/(-45) - -13) + (-2)/6?
5, 769
Let a(j) = -10*j - 16. Let d be a(4). What are the prime factors of d/12*(-9)/6?
7
Suppose 2*y + 0*y = 2*i - 30, 5 = -i. Let v = y + 192. What are the prime factors of v?
2, 43
Suppose 1155 = 23*h - 12*h. List the prime factors of h.
3, 5, 7
Suppose -8*q + 24 = -10*q. Let r = 5 + 16. Let d = q + r. List the prime factors of d.
3
Let m be 5 + (-4 + 3)*5. Suppose m = 5*w - 2*a - 1299, 6*a = -w + 2*a + 251. List the prime factors of w.
7, 37
Suppose 3*o + 2748 = 2*g + 2*o, -5*o - 5496 = -4*g. List the prime factors of g.
2, 3, 229
Suppose 5*k = -3*b + 1983, -k = -4*b - 109 - 306. Suppose k = -z + 4*z. What are the prime factors of z?
7, 19
List the prime factors of ((-684)/30)/(15/(-350)).
2, 7, 19
Let z = 13 - 10. Suppose -2*u = z - 9. Suppose 3*o - 13 = 5*h + 15, -3*o + 36 = -u*h. List the prime factors of o.
2
Let c = 1186 - 614. List the prime factors of c.
2, 11, 13
List the prime factors of 48/(-6) + 2212 + 2 + -6.
2, 5, 11
Let j(l) = -l**3 - 3*l**2 - l + 3. Let o(k) = 2*k**3 + 5*k**2 + k - 6. Let w(n) = -5*j(n) - 3*o(n). List the prime factors of w(-4).
59
What are the prime factors of ((-844)/(-28) + -1)*77/2?
2, 3, 11, 17
Let k(t) = 2*t + 2. Let y be k(-6). Let m be (6/(-5))/(2/y). Suppose -f = -1 - m. List the prime factors of f.
7
Let x = -10 - -10. Suppose -3*q + 2*q + 13 = x. Let i(u) = -u**2 + 16*u - 5. What are the prime factors of i(q)?
2, 17
Suppose 4*w - 1094 = -2*k, -5*w + 95 = 4*k - 2090. List the prime factors of k.
5, 109
Suppose -140 - 2140 = -12*m. List the prime factors of m.
2, 5, 19
Let b(o) = 6*o + 7. Let r be b(-6). Let p = r + 130. List the prime factors of p.
101
Suppose 0 = 3*z - 21 + 9. Let s(b) = 3*b - 1. Let a be s(-7). List the prime factors of z/a - (-476)/77.
2, 3
Suppose -9*s = -12*s + 24. Suppose -19 = -2*c + 3*a, 5*a - s*a = -c + 5. What are the prime factors of c?
2, 7
Let d = 4652 + -1034. List the prime factors of d.
2, 3, 67
Let x = 1767 - 635. Suppose -